 + 40*t + 18 = -5*x, 4*t - 4*x = 36. List the prime factors of (12447 - 9)/t + -2.
2, 3, 5, 23
Let m(y) = -2*y**2 + 25*y + 28. Let q be -4 + -1 + (-11)/(-1). Suppose -2*n + 5*c + q = -0*n, -4*n = -4*c - 36. List the prime factors of m(n).
3, 5
Let w(g) = g**2 - 22*g - 21. Let c be w(23). Suppose -136 - 158 = -c*q. List the prime factors of q.
3, 7
Let j(t) = 174*t - 16. Let b be j(3). Let l = b - 329. Suppose -2*v = -3*v + l. What are the prime factors of v?
3, 59
Suppose -4*l = 5*s - 8, 0 = -4*s + 7*l - 9*l + 10. Suppose -s*g + 644 = 4*k, -4*k - 161 = -5*k + g. List the prime factors of k.
7, 23
Suppose -k - 2*k - 159 = 0. Let c = k - -298. List the prime factors of c.
5, 7
Suppose 398 = 20*v + 18. Suppose 18*m + 2*u + 313 = v*m, 2*m + 3*u = 633. What are the prime factors of m?
3, 5, 7
Let q be -674*4/6*(-279)/124. Suppose -p + 3*a + 225 = -816, -q = -p - 3*a. What are the prime factors of p?
2, 3, 19
List the prime factors of (4 - (-98)/(-28)) + (-38246)/(-4).
2, 7, 683
Suppose -450 + 200 = -y - 5*o, -2*y = -4*o - 598. What are the prime factors of y?
3, 5, 19
Suppose -5*i - 4 = 11. Suppose -31*o = -28*o + 12. What are the prime factors of 2*-1 + 79 + (i - o)?
2, 3, 13
Let o be (-1)/(-3) + (-64)/(-24). Suppose h - 849 = -4*n, o*n = -7*h + 5*h + 638. What are the prime factors of n?
2, 53
What are the prime factors of ((-3097)/(-15) - (-8)/40)*12?
2, 5, 31
Let p(a) = 5 - 177*a + 13*a**2 + 5 - a**3 + 189*a. What are the prime factors of p(11)?
2, 3
Suppose 32*d - 904674 - 1899134 = 0. List the prime factors of d.
7, 12517
Let h = -61 + 319. Let d = 575 - h. What are the prime factors of d?
317
Suppose 56*n + 38*n - 484476 = 0. List the prime factors of n.
2, 3, 859
Let i(b) = -8*b + 6*b**2 - 6 - b - 24 + 0*b. What are the prime factors of i(-9)?
3, 179
Let v(j) = -j**2 - 5*j + 6. Let m be v(-5). Suppose -9*d + m = -12. Suppose 0 = -x - d + 31. List the prime factors of x.
29
Let v be 56/21 + 0 - 4/6. Suppose -v*a - 2 = 0, -4*b + 3*a + 6739 = 4*a. List the prime factors of b.
5, 337
Let t(q) = -21*q. Let n be t(-1). Let s(b) = -n - 8*b + 7*b + 4*b + 0. List the prime factors of s(11).
2, 3
Suppose -2*a + 912 = 3*h, 14*h = 10*h - 2*a + 1214. What are the prime factors of h*(-6 - (-105)/14)?
3, 151
Suppose 11 - 53 = -14*b. Suppose -b*p - v + 487 = -519, 5*p = -v + 1674. List the prime factors of p.
2, 167
What are the prime factors of ((-1245720)/(-200))/(5/25)?
3, 7, 1483
Suppose d - 1582 = -i, -54*d = -52*d - 4. List the prime factors of i.
2, 5, 79
Let d(u) = 18*u**2 - 16*u + 28. Let y be d(8). Suppose -2*c = -g + 306, -4*c = 4*g - 148 - y. List the prime factors of g.
2, 151
Let g be 0/2 - (-66 - -468). Let k = g - -432. List the prime factors of k.
2, 3, 5
Suppose -9 = -4*q - 4*j - 17, 15 = -4*q + 3*j. What are the prime factors of -2 + (6 + q)/(-3) - -296?
293
Let u = -48538 - -81701. List the prime factors of u.
13, 2551
Suppose n + 41 = -4*d, 5*n + 3*d = 7*n + 137. Let a = 158 + n. List the prime factors of a.
97
Let v(y) = 7*y**2 + 41*y - 6. Let w be v(-6). Let q be 431 + (-1)/(-3)*w. Suppose 2*u = 4*p - 217 - q, -6 = 3*u. What are the prime factors of p?
7, 23
Suppose 577 = 4*r + 2217. Let i = -64 - r. List the prime factors of i.
2, 173
Let c(m) = 58*m**3 + 12*m**2 + 33*m - 353. What are the prime factors of c(9)?
2, 21599
Let s = 36 + -32. Suppose -s*y + 247 = 5*z - 3*y, -4*z - y = -198. Suppose -3*i - z = -139. What are the prime factors of i?
2, 3, 5
Let s(d) = 36*d + 46. Let v be s(18). Suppose -4*a + 5*r + 561 = 0, 3*a + r = -2*a + v. What are the prime factors of a?
139
Let o(y) = -y**2 - 13*y - 6. Let t be o(-18). List the prime factors of (14/(-63)*t)/(2/21).
2, 7
Suppose 9*v = 30*v - 39270. List the prime factors of v.
2, 5, 11, 17
Let g(f) = 5*f**2 + 50*f - 24. Suppose -23 = -3*x + 4*x - w, 0 = 5*x + 4*w + 133. List the prime factors of g(x).
3, 617
Suppose 0 = -y - 8*y + 567. Let b = -38 + y. Suppose 0 = 5*u - 5*z - b, -3*u + z + 4 = -7. What are the prime factors of u?
3
Let f(m) = 3*m**3 + 11*m**2 - 39*m + 76. What are the prime factors of f(9)?
2803
Suppose 0 = -5*o - 10, s + 0*s - 3*o - 68 = 0. Let d = s - 59. Let i(r) = 2*r**2 - 5*r + 3. List the prime factors of i(d).
2, 3
Let j(p) = 3*p**2 - 14*p + 22. Suppose -3*s - b - 3*b = -463, 0 = 4*s + 4*b - 624. Suppose -3*y - 128 = -s. What are the prime factors of j(y)?
3, 7, 11
Let n be 5/2*(-2)/5*5. What are the prime factors of 2/(30/n) - 928/(-3)?
3, 103
Let z(u) = -3*u - 3 + u**2 - 14 + 16*u**2 - 12*u**2. List the prime factors of z(-4).
3, 5
Suppose q - 3*q + 18 = 0. Suppose q - 33 = -6*c. Suppose 3*t - c*n - 238 = t, 5*t - n = 640. List the prime factors of t.
3, 43
Suppose 0 = 28*j + 1199 + 201. Let c = 518 - j. What are the prime factors of c?
2, 71
Let x(d) = 6861*d**2 + 150*d - 472. List the prime factors of x(3).
17, 3631
Suppose -16067 = -y + 4*a, -48227 = 831*y - 834*y - a. What are the prime factors of y?
5, 643
Let w(g) = -14*g**2 + 360*g - 3*g**3 + 59 + 2*g**3 - 342*g. List the prime factors of w(-15).
2, 7
Let c(k) = -k**3 - 24*k**2 - 88*k + 27. Let g be c(-20). Let o = g - 126. List the prime factors of o.
61
Suppose 212*q - 58826 = 211*q - 3*g, g + 235317 = 4*q. List the prime factors of q.
89, 661
Let n = -56 + 58. What are the prime factors of ((-2952)/16)/((-1)/n)?
3, 41
Let r be 0/(-6 - -4 - -3). Let l(m) = -2*m**2 + 3*m + 322. List the prime factors of l(r).
2, 7, 23
Suppose 0 = -63*n + 50*n - 390. Let o(v) = -v**2 - 41*v - 76. What are the prime factors of o(n)?
2, 127
Let r(l) = l**3 + 3*l**2 + 4*l + 3. Let y be (-30)/(-5) - (-1 - -2 - 0). Suppose -20 = -y*j, -8*j + 3*j = 3*s - 35. List the prime factors of r(s).
223
Let a(c) = 3 - 37 - 33 + 30*c + 105. Let o be a(19). Suppose o = 14*v - 2080. List the prime factors of v.
2, 3
Let z be (-1 - 0)/(2/70). Let s = z + 80. Let p = s - 6. List the prime factors of p.
3, 13
Let u(m) = 135*m**2 - 5*m + 3. Let p be (-39)/(-12) - 70/56. List the prime factors of u(p).
13, 41
Suppose 103*f - 247042 - 697135 = -225958. What are the prime factors of f?
19, 367
Let a be 1/(-3)*(21 + -342). Suppose -a = -9*h + 604. What are the prime factors of h?
79
Let w(c) = -c**2 - 13*c - 12. Let y be w(-5). Let j(u) = 17*u - 110. List the prime factors of j(y).
2, 3, 61
Suppose 3*n - 5*r - 21 = 0, 0 = 4*n - 2*n + 5*r - 39. Let t(l) = -2*l + 23. Let w be t(n). List the prime factors of (-93)/(-6) - w/(-2).
3, 5
List the prime factors of 0 - 5 - -11699 - (8 + -1 + -13).
2, 3, 5, 13
Let o = -11267 + 17302. What are the prime factors of o?
5, 17, 71
Suppose 0 = -c - i - 0*i + 6337, 2*i = 5*c - 31678. What are the prime factors of c?
2, 3, 11
List the prime factors of (-19)/(2451/6) + (-564076)/(-43).
2, 7, 937
Suppose -23*c + 546 = -98. Suppose -8*w + c*w - 5660 = 0. List the prime factors of w.
283
Let x = 7691 - 7691. Let j(o) = -o + 239. Let t(d) = d**2 + d. Let m(y) = j(y) - t(y). What are the prime factors of m(x)?
239
Suppose 13836 = 3*w - 145*m + 148*m, -3*w = -2*m - 13861. List the prime factors of w.
3, 19
Let a(p) = 35*p - 2. Let o be a(-1). Let c = 61 + o. Suppose -46 = -t + c. List the prime factors of t.
2, 5, 7
Let l = -239 + 239. Suppose 18*q + 4589 - 15425 = l. What are the prime factors of q?
2, 7, 43
Let v = -51 - -83. Suppose -g + 47 = -3*y, -3*g + 133 - v = y. Let a = 53 - g. What are the prime factors of a?
2, 3
Let r = -35 + 64. Suppose r*m - 31*m + 768 = 0. Suppose m = 3*k + 5*k. What are the prime factors of k?
2, 3
Let f(s) = -37*s - 15. Let n(l) = -l**2 + 71*l + 31. Let a(m) = -7*f(m) - 4*n(m). List the prime factors of a(18).
827
Suppose 3*v + 48*p - 7316 = 43*p, 4*v + p - 9749 = 0. List the prime factors of v.
2437
Let d(l) = 433*l**3 - 50*l**2 + 104*l - 4. What are the prime factors of d(2)?
2, 3, 17
Suppose 3*f - 626115 = -79*f - 23*f. List the prime factors of f.
67, 89
Let q(m) = 8*m**2 - 10*m + 32. Let i be q(6). Suppose 11*n - i = 92. What are the prime factors of n?
2
Suppose -8*n = -262 + 94. List the prime factors of 0 - 7/(n/(-1992)).
2, 83
Let i = 187606 + -112430. List the prime factors of i.
2, 9397
Suppose 1 = -m + 1. Suppose -g + 5*u = -10, m*g + 24 = 4*g - 4*u. Suppose -4 = 2*p, -g*i + 112 = -p - 630. List the prime factors of i.
2, 37
Let i(r) = 64*r - 14. Let k be i(7). Let d =